omposite?
False
Is 2111 composite?
False
Is 145253 prime?
True
Is 127691 prime?
True
Is 6593 prime?
False
Is 61441 prime?
True
Is 909082 a prime number?
False
Is 4907501 prime?
True
Is 545663 a composite number?
False
Is 13799 a prime number?
True
Is 147137 prime?
True
Is 442349 prime?
False
Is 703 a prime number?
False
Is 13739 composite?
True
Is 672629 a prime number?
True
Is 5623 a composite number?
False
Is 1405353 a composite number?
True
Is 20783 a prime number?
False
Is 275467 prime?
False
Is 14318 a prime number?
False
Is 10361 a composite number?
True
Is 71747 a prime number?
False
Is 1670393 composite?
True
Is 1217 a prime number?
True
Is 438661 a prime number?
True
Is 167521 a prime number?
True
Is 9901 a prime number?
True
Is 199067 composite?
True
Is 163601 a composite number?
False
Is 49663 a prime number?
True
Is 15701 composite?
True
Is 123729 a prime number?
False
Is 1217009 prime?
True
Is 72533 composite?
False
Is 3642355 prime?
False
Is 1343 composite?
True
Is 15935 composite?
True
Is 46823 a prime number?
False
Is 5461 a prime number?
False
Is 455633 a prime number?
False
Is 12443 composite?
True
Is 84841 composite?
True
Is 70527 a composite number?
True
Is 36451 prime?
True
Is 83621 composite?
False
Is 47581 prime?
True
Is 228229 prime?
False
Is 1824689 prime?
True
Is 10289 a composite number?
False
Is 59617 composite?
False
Is 31469 prime?
True
Is 62401 composite?
False
Is 21733 prime?
False
Is 430121 prime?
True
Is 259907 a composite number?
False
Is 4637 prime?
True
Is 257459 a composite number?
False
Is 173587 prime?
False
Is 2295809 composite?
True
Is 27179 a composite number?
False
Is 25811 a prime number?
False
Is 3407 prime?
True
Is 915383 a composite number?
True
Is 26473 a prime number?
False
Is 533 a composite number?
True
Is 1805042 composite?
True
Is 1471577 a prime number?
False
Is 212497 prime?
False
Is 3238 prime?
False
Is 2927 prime?
True
Is 1363 composite?
True
Is 208235 a prime number?
False
Is 1402 a composite number?
True
Is 8779 composite?
False
Is 104651 a prime number?
True
Is 63463 a prime number?
True
Is 21001 composite?
False
Is 937177 a prime number?
False
Is 136443 a composite number?
True
Is 37511 a prime number?
True
Is 34971 prime?
False
Is 17543 composite?
True
Is 168349 a composite number?
True
Is 8097 composite?
True
Is 52477 a prime number?
False
Is 71741 a prime number?
True
Is 70747 composite?
True
Is 3047543 prime?
False
Is 2999 a composite number?
False
Is 73433 composite?
False
Is 24943 a prime number?
True
Is 322837 prime?
False
Is 554039 a composite number?
True
Is 132059 a prime number?
True
Is 251 composite?
False
Is 729903 a composite number?
True
Is 266843 a composite number?
True
Is 901583 a composite number?
True
Is 382693 prime?
True
Is 821 prime?
True
Is 104729 composite?
False
Is 394879 prime?
True
Is 42215 a composite number?
True
Is 96217 composite?
True
Is 153727 a composite number?
True
Is 65077 a prime number?
False
Is 483559 composite?
True
Is 20011 a prime number?
True
Is 321 prime?
False
Is 48595 composite?
True
Is 130415 a prime number?
False
Is 50839 composite?
False
Is 354962 composite?
True
Is 73751 prime?
True
Is 486527 a prime number?
True
Is 27831 composite?
True
Is 1119381 prime?
False
Is 380615 composite?
True
Is 802979 prime?
True
Is 85549 composite?
False
Is 16671 a prime number?
False
Is 392377 composite?
True
Is 29287 prime?
True
Is 48171 composite?
True
Is 2098955 a composite number?
True
Is 2131081 composite?
False
Is 110879 composite?
False
Is 9901 prime?
True
Is 10487 prime?
True
Is 29794 composite?
True
Is 1282 a prime number?
False
Is 5147 composite?
False
Is 61309 a composite number?
True
Is 20329 a prime number?
False
Is 722213 a composite number?
False
Is 1759 a composite number?
False
Is 6469 prime?
True
Is 11179 composite?
True
Is 128321 composite?
False
Is 3793 prime?
True
Is 157 prime?
True
Is 50473 composite?
True
Is 18743 prime?
True
Is 2647 a prime number?
True
Is 10198 a composite number?
True
Is 483521 a composite number?
True
Is 778889 a composite number?
True
Is 684599 a composite number?
False
Is 683651 a prime number?
True
Is 42599 a composite number?
True
Is 15599 composite?
True
Is 80273 composite?
False
Is 2641582 prime?
False
Is 28091 a prime number?
False
Is 17891 composite?
False
Is 14479 prime?
True
Is 125063 composite?
False
Is 1009 prime?
True
Is 10741 a prime number?
False
Is 7849 prime?
False
Is 62533 a composite number?
False
Is 7769 composite?
True
Is 12677 composite?
True
Is 18583 composite?
False
Is 27397 composite?
False
Is 240307 prime?
False
Is 234595 a prime number?
False
Is 641719 a prime number?
False
Is 112829 composite?
True
Is 521842 a composite number?
True
Is 22637 composite?
False
Is 39821 a prime number?
True
Is 232487 composite?
False
Is 5137 a prime number?
False
Is 224041 prime?
True
Is 4969 a composite number?
False
Is 99599 a prime number?
False
Is 24607 prime?
False
Is 13739 a prime number?
False
Is 237389 prime?
False
Is 501973 prime?
False
Is 35273 a prime number?
False
Is 5207 prime?
False
Is 74923 a composite number?
False
Is 63523 a composite number?
True
Is 978295 prime?
False
Is 70297 a prime number?
True
Is 12037 composite?
False
Is 2353 a composite number?
True
Is 3103381 a prime number?
True
Is 3943 a prime number?
True
Is 100649 a composite number?
False
Is 11179 a prime number?
False
Is 41711 a prime number?
False
Is 93273 prime?
False
Is 358273 a prime number?
True
Is 117679 a prime number?
True
Is 171319 a composite number?
True
Is 478199 composite?
False
Is 54251 a prime number?
True
Is 49663 prime?
True
Is 1987 prime?
True
Is 40609 a composite number?
False
Is 302261 prime?
True
Is 702363 a prime number?
False
Is 105467 a prime number?
True
Is 7639 prime?
True
Is 1567 composite?
False
Is 533747 prime?
True
Is 35381 composite?
False
Is 38113 a prime number?
True
Is 2531 composite?
False
Is 18087 a composite number?
True
Is 6082891 composite?
False
Is 10661 a prime number?
False
Is 6259 a prime number?
False
Is 28277 a composite number?
False
Is 2771 a prime number?
False
Is 13001 prime?
True
Is 103507 a composite number?
True
Is 749 a composite number?
True
Is 7913 a composite number?
True
Is 352873 a composite number?
True
Is 24131 composite?
True
Is 4000853 composite?
False
Is 145999 composite?
True
Is 170617 prime?
False
Is 502093 composite?
False
Is 24313 prime?
False
Is 3921 a prime number?
False
Is 25873 a composite number?
False
Is 2352633 a prime number?
False
Is 30801 prime?
False
Is 1613773 a prime number?
False
Is 3743 a composite number?
True
Is 146193 composite?
True
Is 566821 composite?
False
Is 1721 composite?
False
Is 37865 a prime number?
False
Is 1281649 prime?
True
Is 14969 prime?
True
Is 953741 a prime number?
False
Is 10537 composite?
True
Is 249101 a prime number?
False
Is 521 prime?
True
Is 134579 a composite number?
True
Is 10757 composite?
True
Is 1974227 prime?
False
Is 11957 composite?
True
Is 8983 prime?
False
Is 126061 prime?
False
Is 24943 composite?
False
Is 7063 a composite number?
True
Is 3687 a composite number?
True
Is 350657 a prime number?
True
Is 122753 a prime number?
True
Is 76297 a prime number?
False
Is 10883 prime?
True
Is 23159 a composite number?
False
Is 2098 prime?
False
Is 68995 composite?
True
Is 141979 a prime number?
False
Is 2095923 a prime number?
False
Is 1034545 composite?
True
Is 6259 a prime number?
False
Is 35779 a composite number?
True
Is 103893 a prime number?
False
Is 72101 prime?
True
Is 1171 a prime number?
True
Is 2879605 a prime number?
False
Is 10749 a prime number?
False
Is 16871 prime?
True
Is 39563 composite?
False
Is 3979 prime?
False
Is 54701 composite?
True
Is 502721 prime?
False
Is 14441 composite?
True
Is 226909 a composite number?
True
Is 19193 composite?
True
Is 37159 a composite number?
False
Is 18665 prime?
False
Is 121139 a prime number?
True
Is 40343 composite?
False
Is 111037 a composite number?
True
Is 775598 prime?
False
Is 664403 prime?
True
Is 54437 prime?
True
Is 1418 a prime number?
False
Is 109403 prime?
False
Is 50613 prime?
False
Is 3019 composite?
False
Is 467543 composite?
False
Is 1082 prime?
False
Is 1903 prime?
False
Is 6341 a composite number?
True
Is 394291 a composite number?
Fal